 2*a - 10, 2*h - 3*a - 8 = 0. What is the remainder when h is divided by 1?
0
Let g(t) = 5*t**2 + t - 1. What is the remainder when g(3) is divided by 6/(-21) + (-228)/(-14)?
15
Let l(y) = -y**3 + 3*y**2 + 3*y - 3. Let n be l(4). Let p = n - -15. Calculate the remainder when p is divided by ((-3)/(-2))/((-1)/(-2)).
2
Suppose -224 = -l - 3*l. Let s = -26 + l. Suppose -63 - 1 = -4*m. What is the remainder when s is divided by m?
14
Suppose 39 = 2*x + 15. Let t = -9 + x. Calculate the remainder when t is divided by 2.
1
Let c(k) = -7 - 10*k + 0 - 3 + 2. Calculate the remainder when c(-6) is divided by 18.
16
Calculate the remainder when 28 is divided by (-25)/10*18/(-3).
13
Let u(z) = -z**2 + 15*z - 8. What is the remainder when u(11) is divided by 14?
8
Let n(q) = q**2 - q - 2. What is the remainder when 54 is divided by n(6)?
26
Let u(x) = -15*x**3 - 2*x**2 + 1. Let q be (-4)/6*24/16. What is the remainder when 26 is divided by u(q)?
12
Suppose -2*x = 2*l - 7*x - 94, -5*x = 3*l - 116. Let g = l + -6. Let o = g + -15. What is the remainder when o is divided by 11?
10
Let v = 0 - -4. What is the remainder when 10 is divided by v?
2
Let g be -1 + 2/1 + 10. Suppose 4*j + g = 3*s, -3*j + 4 = s - 4. Calculate the remainder when 16/(-4) + -1 + 14 is divided by s.
4
Calculate the remainder when (2/3)/((-284)/144 - -2) is divided by 15.
9
Let q(f) = -77*f. Let y be q(-2). Suppose -38 + y = 4*m. Let n(o) = -o**3 - 6*o**2 - 7*o - 2. What is the remainder when m is divided by n(-5)?
5
Let j = 17 + -29. Let l be (j/(-9) - 2)*6. Calculate the remainder when 35 is divided by (-1)/l - (-47)/4.
11
Let w = -22 + 32. Calculate the remainder when 26 is divided by w.
6
Suppose 93 = 2*m - v, -5*m - 3*v - 2*v = -210. Let t = 22 - -4. Let x = t - 14. What is the remainder when m is divided by x?
9
Suppose -5*b - 4*j + 9 = -9, b - 3*j = 15. Let v = 33 - 18. Suppose v = -n + 3*n - 5*p, -3*p = -3. Calculate the remainder when n is divided by b.
4
Suppose -7 = -h + 11. Calculate the remainder when h is divided by 5.
3
Let a(p) = -2*p**3 - 8. Let c(y) = -5*y**3 - y**2 - y - 17. Let d(w) = -7*a(w) + 3*c(w). Let s = -32 + 50. Calculate the remainder when d(-5) is divided by s.
16
Let h(s) = -9 - 2 + 8*s - 2 + s**3 - 1 + 12*s**2. What is the remainder when h(-11) is divided by 11?
8
Let o(x) = 2 + 7*x - 1 - 2 - 22*x. Calculate the remainder when 53 is divided by o(-1).
11
Let l(f) = f**3 - 1 + 8*f**3 + f**2 - 3*f**2 - 2*f. Let d be l(-1). Calculate the remainder when (-214)/d + 12/(-30) is divided by 11.
10
Let p = -47 - -84. Let x(b) = b**3 + 8*b**2 + 7*b - 10. Calculate the remainder when p is divided by x(-6).
17
Let b be (3 - 2)*(-13 - -1). Calculate the remainder when 23 is divided by 37/5 - b/20.
7
Suppose -113 + 73 = -s. Suppose -2*j + 29 + 1 = 0. Calculate the remainder when s is divided by j.
10
Suppose 4*z = 2*x - 48, 4*z = x - 0 - 14. What is the remainder when x is divided by 13?
8
Let f = 1 + 2. Suppose 135 = 5*c + p, f*p = 3*c - p - 58. Let v = -59 + 68. What is the remainder when c is divided by v?
8
Suppose 0 = -r - 0*v + 2*v - 29, -32 = 3*r + 5*v. Let n = r + 30. Let k(j) = -6*j**3 - 2*j**2 - j + 1. Calculate the remainder when k(-2) is divided by n.
10
Let r be -1*(-66 + 4 + -1). Suppose -4*w = -0*w - 4*d - 52, 5*w = 4*d + r. Calculate the remainder when w is divided by 6.
5
Suppose -9*g + 83 + 106 = 0. What is the remainder when g is divided by 15?
6
Let d(m) = -m**3 + 13*m**2 - m + 2. Let i be d(13). Let v = i - -23. Calculate the remainder when 34 is divided by v.
10
Let j = -31 + 51. Suppose 3*q - 4*k = 88, -4*k + 7*k = 4*q - 129. Let o = q + -25. What is the remainder when j is divided by o?
9
Let p(h) = -h**3 - 18*h**2 - 16*h + 19. Let o = 31 - 48. Let k = 3 - -1. What is the remainder when k is divided by p(o)?
0
Let w be 2 + (-394 - 0/1). Calculate the remainder when (-1)/3 - w/24 is divided by 9.
7
Let l(x) = -x + 6. Let h be -7 + (1 - 0) + 1. Calculate the remainder when l(h) is divided by 4.
3
Let q(y) = -y**3 - 3*y**2 - 2*y - 6. Suppose -3*r = -29 + 8. Calculate the remainder when q(-4) is divided by r.
4
Suppose -3*p = 2*m - 40, -5*p + 8*p + m - 44 = 0. What is the remainder when 31 is divided by p?
15
Suppose -3*x - 2*p = x - 194, 5*x = -2*p + 242. Suppose -q + 8 = -9. Calculate the remainder when x is divided by q.
14
Let w(z) = 2*z**2 + 5*z + 4. Suppose 9*d - 186 = -6. What is the remainder when d is divided by w(-3)?
6
What is the remainder when 33 is divided by 12 + -2 + -3 + 5?
9
Suppose 8*n - 3*n - 195 = 0. Suppose -4*w - 5*y - 2 = -38, -3*w + y + 46 = 0. Calculate the remainder when n is divided by w.
11
Let f(l) = 2*l**2 - 8*l - 32. Calculate the remainder when f(9) is divided by 12.
10
Let j(a) = 14*a. Let d be j(1). Suppose -4*k + 6*k = d. What is the remainder when k is divided by 5?
2
Suppose -o = -x - 21 - 15, -2*o - x + 72 = 0. Calculate the remainder when o is divided by 13.
10
What is the remainder when 93 is divided by (-2)/4 - 130/(-4)?
29
Suppose 29 = s - 2. Suppose -25 - 19 = -4*w. What is the remainder when s is divided by w?
9
Let g(s) = 2*s**2 + 4*s - 3. Let k be g(2). Let n = 48 - k. Calculate the remainder when n is divided by 18.
17
Suppose 2*a - 10 - 2 = 0. Let u = a - 16. Calculate the remainder when 7 is divided by (-36)/u + 8/20.
3
Suppose 4*d - 11 = -3. Let s = 11 + -7. What is the remainder when s is divided by d?
0
Let n = -5 + 5. Suppose 3*g = 4*q + 2 + 40, 4*g + 8 = n. What is the remainder when 46 is divided by ((-36)/(-3))/((-9)/q)?
14
Let b(m) = m + 4. Let u be b(-6). Let w(v) = -9*v - 1 - 6*v + 4*v. What is the remainder when w(u) is divided by 11?
10
Let w = 242 + -218. Calculate the remainder when 70 is divided by w.
22
Let v(n) = -n**2 + 6*n - 1. Let r be v(4). Let u = r - 2. Calculate the remainder when u is divided by 2.
1
Let k(q) be the first derivative of -q**4/4 + 5*q**3/3 + q**2/2 + 2*q - 3. Calculate the remainder when 20 is divided by k(5).
6
Let b = 184 - 108. Suppose 5*p - p - b = 0. Calculate the remainder when p is divided by 7.
5
Suppose w + 3*b = -13, -3*b = -w + 2*b + 27. Suppose 2*g - 14 = -0*g. Calculate the remainder when (51/6 + 1)*w is divided by g.
5
Let p be ((-24)/(-20))/((-9)/(-60)). Let u(w) = -w**3 + 9*w**2 - 6*w - 11. What is the remainder when 19 is divided by u(p)?
4
What is the remainder when 21 is divided by (-21)/(-3) - (-4)/(-2)?
1
Let b = 34 + -22. Suppose -3*v - b = -5*k, 4 = -2*v - 4. Suppose k = -3*x + x + 38. What is the remainder when 55 is divided by x?
17
Suppose -3*t + 3*u + 132 = -0*t, 2*t - 5*u = 97. Calculate the remainder when t is divided by 11.
8
Suppose 2 = 2*g - g. Suppose 4*y = o + 27, -2*y + 5*o = 4*o - 11. Calculate the remainder when g - (1 + -2 + -10) is divided by y.
5
Suppose -2*a + 16 + 22 = y, -3*a = -12. What is the remainder when 89 is divided by y?
29
Suppose -9*a + 6*a = 0. Suppose -8*p + 4*p + 12 = a. Suppose w + 0*w = p. What is the remainder when 3 is divided by w?
0
Let u(v) = -v**2 + 10*v - 4. What is the remainder when u(5) is divided by 11?
10
Let j(b) = -29*b**3 + b**2 - 1. Let g be j(-1). Suppose -2*x - 2*x = 4*k - 56, x - 2*k = g. Calculate the remainder when x is divided by (1 - -1)/2*10.
9
Let i(v) = -5*v**3 + 2*v + 3. Let m = -6 + 16. Suppose -2*y - m = 3*y. Calculate the remainder when i(y) is divided by 14.
11
Suppose -4*c + 10 + 18 = 0. Calculate the remainder when c is divided by 3.
1
Let h(a) = a**3 + 5*a**2 - 2. Let u = 12 - 14. What is the remainder when 17 is divided by h(u)?
7
Let b(k) = 2*k**3 - 3*k**2 + k - 2. Let y be b(2). Suppose -i - y*i = -160. What is the remainder when i is divided by 11?
10
Suppose -3*c - 2*c + 25 = 0. Let a(d) = d**2 - d + 1. What is the remainder when a(c) is divided by 12?
9
Let b(r) = -3 + r**2 - 7*r - 6 + 1. Let a be b(8). Suppose 2*g = 3*i - a*i + 27, 5*g + 3*i - 36 = 0. Calculate the remainder when 17 is divided by g.
8
Suppose 2*s - 4 = 2. Suppose 3*g = 4*y + 43, -g - s*y + 5*y = -17. What is the remainder when g is divided by 5?
4
Suppose 5*y - 49 = -3*n, -2*y + 28 = 2*n - 5*n. Calculate the remainder when 31 is divided by y.
9
Suppose 71 - 3 = 2*m. What is the remainder when m is divided by 9?
7
Suppose -2*f + 48 = 2*x, -2*f - 78 + 21 = -3*x. What is the remainder when (-4)/(-2